, 181
List the prime factors of 1459.
1459
List the prime factors of 1134.
2, 3, 7
List the prime factors of 36902.
2, 18451
List the prime factors of 1651.
13, 127
List the prime factors of 413.
7, 59
List the prime factors of 8247.
3, 2749
List the prime factors of 42626.
2, 21313
List the prime factors of 15767.
15767
What are the prime factors of 38024?
2, 7, 97
What are the prime factors of 11589?
3, 3863
List the prime factors of 17472.
2, 3, 7, 13
List the prime factors of 76063.
13, 5851
What are the prime factors of 6485?
5, 1297
List the prime factors of 27233.
113, 241
What are the prime factors of 152?
2, 19
List the prime factors of 1418.
2, 709
What are the prime factors of 33069?
3, 73, 151
List the prime factors of 21031.
21031
List the prime factors of 4264.
2, 13, 41
What are the prime factors of 18121?
18121
What are the prime factors of 5245?
5, 1049
What are the prime factors of 12630?
2, 3, 5, 421
List the prime factors of 275.
5, 11
What are the prime factors of 11988?
2, 3, 37
What are the prime factors of 11987?
11987
What are the prime factors of 3201?
3, 11, 97
What are the prime factors of 107?
107
List the prime factors of 1948.
2, 487
List the prime factors of 5950.
2, 5, 7, 17
What are the prime factors of 6216?
2, 3, 7, 37
What are the prime factors of 1594?
2, 797
List the prime factors of 5464.
2, 683
What are the prime factors of 3298?
2, 17, 97
List the prime factors of 27414.
2, 3, 1523
List the prime factors of 42698.
2, 37, 577
What are the prime factors of 3114?
2, 3, 173
List the prime factors of 762.
2, 3, 127
List the prime factors of 8985.
3, 5, 599
What are the prime factors of 23021?
23021
What are the prime factors of 378?
2, 3, 7
What are the prime factors of 555?
3, 5, 37
List the prime factors of 14412.
2, 3, 1201
List the prime factors of 196675.
5, 7867
What are the prime factors of 89170?
2, 5, 37, 241
List the prime factors of 2945.
5, 19, 31
List the prime factors of 8064.
2, 3, 7
List the prime factors of 215.
5, 43
List the prime factors of 35186.
2, 73, 241
What are the prime factors of 6567?
3, 11, 199
List the prime factors of 12460.
2, 5, 7, 89
List the prime factors of 2499.
3, 7, 17
List the prime factors of 33600.
2, 3, 5, 7
List the prime factors of 2973.
3, 991
What are the prime factors of 6429?
3, 2143
What are the prime factors of 48338?
2, 24169
List the prime factors of 4825.
5, 193
List the prime factors of 235.
5, 47
What are the prime factors of 769?
769
What are the prime factors of 17163?
3, 1907
List the prime factors of 259.
7, 37
What are the prime factors of 1059?
3, 353
List the prime factors of 1179.
3, 131
List the prime factors of 13860.
2, 3, 5, 7, 11
List the prime factors of 9266.
2, 41, 113
What are the prime factors of 3405?
3, 5, 227
What are the prime factors of 29069?
41, 709
List the prime factors of 2554.
2, 1277
What are the prime factors of 5852?
2, 7, 11, 19
List the prime factors of 811.
811
What are the prime factors of 3952?
2, 13, 19
List the prime factors of 66105.
3, 5, 13, 113
What are the prime factors of 4554?
2, 3, 11, 23
What are the prime factors of 3925?
5, 157
What are the prime factors of 721?
7, 103
List the prime factors of 258.
2, 3, 43
What are the prime factors of 1259?
1259
What are the prime factors of 17756?
2, 23, 193
List the prime factors of 61965.
3, 5, 17
List the prime factors of 2898.
2, 3, 7, 23
What are the prime factors of 47344?
2, 11, 269
List the prime factors of 37316.
2, 19, 491
List the prime factors of 889.
7, 127
What are the prime factors of 22219?
17, 1307
What are the prime factors of 109?
109
List the prime factors of 38344.
2, 4793
List the prime factors of 12088.
2, 1511
List the prime factors of 655.
5, 131
What are the prime factors of 2808?
2, 3, 13
List the prime factors of 9987.
3, 3329
List the prime factors of 96657.
3, 11, 29, 101
What are the prime factors of 573?
3, 191
List the prime factors of 297.
3, 11
What are the prime factors of 20?
2, 5
List the prime factors of 138721.
11, 12611
List the prime factors of 91528.
2, 17, 673
List the prime factors of 15402.
2, 3, 17, 151
What are the prime factors of 12726?
2, 3, 7, 101
What are the prime factors of 32534?
2, 16267
List the prime factors of 314.
2, 157
What are the prime factors of 4849?
13, 373
List the prime factors of 19133.
19, 53
What are the prime factors of 944?
2, 59
What are the prime factors of 7430?
2, 5, 743
What are the prime factors of 3986?
2, 1993
What are the prime factors of 108622?
2, 54311
What are the prime factors of 2036?
2, 509
List the prime factors of 130095.
3, 5, 7, 59
List the prime factors of 769.
769
List the prime factors of 2325.
3, 5, 31
What are the prime factors of 24642?
2, 3, 37
List the prime factors of 40109.
19, 2111
What are the prime factors of 1023?
3, 11, 31
What are the prime factors of 1919?
19, 101
What are the prime factors of 4766?
2, 2383
What are the prime factors of 359?
359
List the prime factors of 15428.
2, 7, 19, 29
List the prime factors of 30343.
19, 1597
What are the prime factors of 2201?
31, 71
List the prime factors of 562.
2, 281
What are the prime factors of 4880?
2, 5, 61
List the prime factors of 32896.
2, 257
List the prime factors of 118178.
2, 37, 1597
What are the prime factors of 90822?
2, 3, 15137
What are the prime factors of 24459?
3, 31, 263
What are the prime factors of 9979?
17, 587
List the prime factors of 2086.
2, 7, 149
List the prime factors of 14598.
2, 3, 811
What are the prime factors of 347?
347
List the prime factors of 14218.
2, 7109
What are the prime factors of 49292?
2, 12323
What are the prime factors of 2572?
2, 643
List the prime factors of 6155.
5, 1231
What are the prime factors of 8346?
2, 3, 13, 107
List the prime factors of 1288.
2, 7, 23
List the prime factors of 1255.
5, 251
What are the prime factors of 76429?
23, 3323
What are the prime factors of 11550?
2, 3, 5, 7, 11
What are the prime factors of 286?
2, 11, 13
What are the prime factors of 20215?
5, 13, 311
What are the prime factors of 3041?
3041
List the prime factors of 72889.
72889
What are the prime factors of 32237?
32237
List the prime factors of 606.
2, 3, 101
What are the prime factors of 410?
2, 5, 41
What are the prime factors of 23865?
3, 5, 37, 43
What are the prime factors of 2756?
2, 13, 53
List the prime factors of 2362.
2, 1181
What are the prime factors of 11680?
2, 5, 73
List the prime factors of 142081.
47, 3023
What are the prime factors of 26494?
2, 13, 1019
List the prime factors of 1352.
2, 13
What are the prime factors of 50049?
3, 67, 83
What are the prime factors of 4048?
2, 11, 23
What are the prime factors of 864?
2, 3
List the prime factors of 2533.
17, 149
What are the prime factors of 225?
3, 5
What are the prime factors of 3151?
23, 137
What are the prime factors of 1899?
3, 211
What are the prime factors of 28764?
2, 3, 17, 47
List the prime factors of 1981.
7, 283
List the prime factors of 26586.
2, 3, 7, 211
What are the prime factors of 1983?
3, 661
What are the prime factors of 3069?
3, 11, 31
List the prime factors of 3037.
3037
List the prime factors of 1382.
2, 691
What are the prime factors of 14373?
3, 1597
List the prime factors of 144119.
31, 4649
What are the prime factors of 1950?
2, 3, 5, 13
What are the prime factors of 1507?
11, 137
What are the prime factors of 3805?
5, 761
What are the prime factors of 952?
2, 7, 17
What are the prime factors of 966?
2, 3, 7, 23
List the prime factors of 1465.
5, 293
What are the prime factors of 1132?
2, 283
What are the prime factors of 7910?
2, 5, 7, 113
What are the prime factors of 1267?
7, 181
What are the prime factors of 215?
5, 43
What are the prime factors of 24676?
2, 31, 199
List the prime factors of 109844.
2, 7, 3923
What are the prime factors of 412?
2, 103
List the prime factors of 3318.
2, 3, 7, 79
What are the prime factors of 10766?
2, 7, 769
What are the prime factors of 6710?
2, 5, 11, 61
List the prime factors of 25440.
2, 3, 5, 53
List the prime factors of 13008.
2, 3, 271
List the prime factors of 2424.
2, 3, 101
What are the prime factors of 20252?
2, 61, 83
List the prime factors of 474.
2, 3, 79
What are the prime factors of 105949?
101, 1049
List the prime factors 